{"id":780,"date":"2024-02-19T10:51:39","date_gmt":"2024-02-19T09:51:39","guid":{"rendered":"https:\/\/contecon.de\/picapportwiki\/?page_id=780"},"modified":"2024-02-19T10:52:12","modified_gmt":"2024-02-19T09:52:12","slug":"version-5-0-0-vom-28-09-2015","status":"publish","type":"page","link":"https:\/\/contecon.de\/picapportwiki\/version-5-0-0-vom-28-09-2015\/","title":{"rendered":"Version 5.0.0 vom 28.09.2015"},"content":{"rendered":"\t\t<div data-elementor-type=\"wp-page\" data-elementor-id=\"780\" class=\"elementor elementor-780\">\n\t\t\t\t<div class=\"elementor-element elementor-element-307a9cd e-flex e-con-boxed e-con e-parent\" data-id=\"307a9cd\" data-element_type=\"container\" data-settings=\"{&quot;content_width&quot;:&quot;boxed&quot;}\" data-core-v316-plus=\"true\">\n\t\t\t\t\t<div class=\"e-con-inner\">\n\t\t\t\t<div class=\"elementor-element elementor-element-80f15c2 elementor-widget elementor-widget-heading\" data-id=\"80f15c2\" data-element_type=\"widget\" data-widget_type=\"heading.default\">\n\t\t\t\t<div class=\"elementor-widget-container\">\n\t\t\t<style>\/*! elementor - v3.19.0 - 07-02-2024 *\/\n.elementor-heading-title{padding:0;margin:0;line-height:1}.elementor-widget-heading .elementor-heading-title[class*=elementor-size-]>a{color:inherit;font-size:inherit;line-height:inherit}.elementor-widget-heading .elementor-heading-title.elementor-size-small{font-size:15px}.elementor-widget-heading .elementor-heading-title.elementor-size-medium{font-size:19px}.elementor-widget-heading .elementor-heading-title.elementor-size-large{font-size:29px}.elementor-widget-heading .elementor-heading-title.elementor-size-xl{font-size:39px}.elementor-widget-heading .elementor-heading-title.elementor-size-xxl{font-size:59px}<\/style><h2 class=\"elementor-heading-title elementor-size-default\">Version 5.0.0 vom 28.09.2015<\/h2>\t\t<\/div>\n\t\t\t\t<\/div>\n\t\t\t\t\t<\/div>\n\t\t\t\t<\/div>\n\t\t<div class=\"elementor-element elementor-element-da7812d e-flex e-con-boxed e-con e-parent\" data-id=\"da7812d\" data-element_type=\"container\" data-settings=\"{&quot;content_width&quot;:&quot;boxed&quot;}\" data-core-v316-plus=\"true\">\n\t\t\t\t\t<div class=\"e-con-inner\">\n\t\t\t\t<div class=\"elementor-element elementor-element-8c70b1a elementor-widget elementor-widget-text-editor\" data-id=\"8c70b1a\" data-element_type=\"widget\" data-widget_type=\"text-editor.default\">\n\t\t\t\t<div class=\"elementor-widget-container\">\n\t\t\t<style>\/*! elementor - v3.19.0 - 07-02-2024 *\/\n.elementor-widget-text-editor.elementor-drop-cap-view-stacked .elementor-drop-cap{background-color:#69727d;color:#fff}.elementor-widget-text-editor.elementor-drop-cap-view-framed .elementor-drop-cap{color:#69727d;border:3px solid;background-color:transparent}.elementor-widget-text-editor:not(.elementor-drop-cap-view-default) .elementor-drop-cap{margin-top:8px}.elementor-widget-text-editor:not(.elementor-drop-cap-view-default) .elementor-drop-cap-letter{width:1em;height:1em}.elementor-widget-text-editor .elementor-drop-cap{float:left;text-align:center;line-height:1;font-size:50px}.elementor-widget-text-editor .elementor-drop-cap-letter{display:inline-block}<\/style>\t\t\t\t<ul><li>Verbessertes UI Design der Web-Oberfl\u00e4che incl. Update auf JQM 1.4.5<\/li><\/ul><p>\u00a0<\/p><ul><li>Benutzer und Rechteverwaltung<br \/>Das ist die wohl Umfangreichste Erweiterung von PicApport seit Version 1.0. Hierbei haben wir u.a. folgende Ziele umgesetzt:<ul><li><p>Kompatibel zu Vorversionen (Dies wird durch einen Default-Benutzer PicApport erreicht. Existiert dieser Benutzer meldet sich die Weboberfl\u00e4che mit den Rechten dieses Benutzers an) \u00dcber einen weiteren Default-Benutzer Admin mit Passwort admin k\u00f6nnen dann weitere Benutzer gepflegt werden.<\/p><div class=\"confluence-information-macro confluence-information-macro-warning conf-macro output-block\" data-hasbody=\"true\" data-macro-name=\"warning\"><div class=\"confluence-information-macro-body\"><p>Wir empfehlen dringend das Default-Passwort admin zu \u00e4ndern.\u00a0<\/p><\/div><\/div><\/li><li>Verwaltung \u00fcber die Web-Oberfl\u00e4che<\/li><li>Benutzer sind mindestens einer Gruppe zugeordnet (Rolle)<\/li><li>Die Rechte eines Benutzers ergeben sich aus der Summe aller Rechte der zugeordneten Gruppen<\/li><li>F\u00fcr jede Gruppe kann ein auf Metadaten der Fotos basierender Filter gesetzt werden. (Eine PicApport Abfrage)<br \/>Der Benutzer sieht somit nur die Fotos die er sehen soll.<\/li><li>Die Verf\u00fcgbarkeit von Programmfunktionen kann \u00fcber Benutzerrechte konfiguriert werden.<\/li><li>Bestimmte Ger\u00e4te im Heimnetz mit festen IP-Adressen k\u00f6nnen optional einem Benutzer zugeordnet werden.<\/li><li>Beim Speichern von Dynamischen Abfragen kann nun eingestellt werden, f\u00fcr wen diese sichtbar sind:<ul><li>F\u00fcr alle Benutzer<\/li><li>F\u00fcr eine Bestimmte Gruppe<\/li><li>Nur f\u00fcr den aktuellen Benutzer<\/li><\/ul><\/li><li>Die Benutzerverwaltung hat ein eigenes Kapitel im PicApport Benutzerhandbuch bekommen.<\/li><\/ul><\/li><\/ul><ul><li style=\"list-style-type: none;\"><ul><li>Uploadfunktion<br \/>Wenn ein Benutzer das Recht f\u00fcr Uploads hat, k\u00f6nnen direkt aus der PicApport Oberfl\u00e4che Fotos hochgeladen werden. Abh\u00e4ngig vom Benutzer, Uploaddatum und Titel kann \u00fcber zentrale Serverparameter gesteuert werden wohin die Fotos gespeichert werden sollen. Direkt beim Upload kann man einen Titel f\u00fcr das Fotos vergeben. Dieser wird dann vom Server direkt in die Metadaten des Fotos \u00fcbernommen. (siehe hierzu auch PicAppport Server Guide:\u00a0<code>upload.*<\/code>\u00a0Upload Konfiguration)<\/li><\/ul><\/li><\/ul><ul><li style=\"list-style-type: none;\"><ul><li>Anzeige neuer Fotos auf der Startseite<br \/>Wenn gew\u00fcnscht wird abh\u00e4ngig vom Benutzer auf der Startseite angezeigt, ob und wie viele neue Fotos auf dem Server vorhanden sind.<\/li><\/ul><\/li><\/ul><ul><li style=\"list-style-type: none;\"><ul><li>F\u00fcr Linux Benutzer gibt es jetzt eine neue .jar Datei (picapport-headless.jar) die sich ohne weitere Parameter starten l\u00e4sst.<\/li><\/ul><\/li><\/ul><ul><li style=\"list-style-type: none;\"><ul><li>Hilfe und Suche Button auf Startseite<br \/>Es werden alle M\u00f6glichkeiten der Sucheingabe erkl\u00e4rt<\/li><\/ul><\/li><\/ul><ul><li style=\"list-style-type: none;\"><ul><li>QR-Code im About-Fenster<br \/>Kann z.B bei Besuch benutzt werden um Adresse des PicApport Server mit der Handy-Kamera aufzunehmen. Bei Veranstaltungen kann man den QR-Code auch ausdrucken und an Besucher verteilen<\/li><\/ul><\/li><\/ul><ul><li style=\"list-style-type: none;\"><ul><li>Optionaler Fotocache zum Beschleunigen der Slideshows bei langsamen Server CPU&#8217;s (z.B Raspberry Pi)<br \/>W\u00e4hrend einer Slideshow skaliert PicApport die Fotos dynamisch auf die Displaygr\u00f6\u00dfe des Anzeigeger\u00e4tes.<br \/>Auf langsamen CPU&#8217;s wie z.B. Raspbarry PI kann dies schon mal 3-4 Sekunden dauern.<br \/>Bei eingeschaltetem Cache l\u00e4sst sich diese Wartezeit signifikant reduzieren.<br \/>(siehe hierzu auch PicAppport Server Guide: Parameter: foto.jpg.usecache )<\/li><\/ul><\/li><\/ul><ul><li style=\"list-style-type: none;\"><ul><li>Neue optionale Parameter zur Steuerung der JPG-Generierung (Qualit\u00e4t).<br \/>Defaults bleiben wie bisher auch<\/li><\/ul><\/li><\/ul><ul><li style=\"list-style-type: none;\"><ul><li>Bugfix wenn NOT an 1.Stelle in der Suche bei bereits gel\u00f6schten Bildern (kam kein Ergebnis)<\/li><\/ul><\/li><\/ul><ul><li>Neuer Konsolenbefehl\u00a0<code>\"sslcert\"<\/code>\u00a0zur Ausgabe des SHA1 Fingerprints<\/li><\/ul>\t\t\t\t\t\t<\/div>\n\t\t\t\t<\/div>\n\t\t\t\t\t<\/div>\n\t\t\t\t<\/div>\n\t\t\t\t<\/div>\n\t\t","protected":false},"excerpt":{"rendered":"<p>Version 5.0.0 vom 28.09.2015 Verbessertes UI Design der Web-Oberfl\u00e4che incl. Update auf JQM 1.4.5 \u00a0 Benutzer und RechteverwaltungDas ist die wohl Umfangreichste Erweiterung von PicApport seit Version 1.0. Hierbei haben wir u.a. folgende Ziele umgesetzt: Kompatibel zu Vorversionen (Dies wird durch einen Default-Benutzer PicApport erreicht. Existiert dieser Benutzer meldet sich die Weboberfl\u00e4che mit den Rechten [&hellip;]<\/p>\n","protected":false},"author":1,"featured_media":0,"parent":0,"menu_order":0,"comment_status":"closed","ping_status":"closed","template":"","meta":{"footnotes":""},"class_list":["post-780","page","type-page","status-publish","hentry","entry"],"_links":{"self":[{"href":"https:\/\/contecon.de\/picapportwiki\/wp-json\/wp\/v2\/pages\/780","targetHints":{"allow":["GET"]}}],"collection":[{"href":"https:\/\/contecon.de\/picapportwiki\/wp-json\/wp\/v2\/pages"}],"about":[{"href":"https:\/\/contecon.de\/picapportwiki\/wp-json\/wp\/v2\/types\/page"}],"author":[{"embeddable":true,"href":"https:\/\/contecon.de\/picapportwiki\/wp-json\/wp\/v2\/users\/1"}],"replies":[{"embeddable":true,"href":"https:\/\/contecon.de\/picapportwiki\/wp-json\/wp\/v2\/comments?post=780"}],"version-history":[{"count":4,"href":"https:\/\/contecon.de\/picapportwiki\/wp-json\/wp\/v2\/pages\/780\/revisions"}],"predecessor-version":[{"id":784,"href":"https:\/\/contecon.de\/picapportwiki\/wp-json\/wp\/v2\/pages\/780\/revisions\/784"}],"wp:attachment":[{"href":"https:\/\/contecon.de\/picapportwiki\/wp-json\/wp\/v2\/media?parent=780"}],"curies":[{"name":"wp","href":"https:\/\/api.w.org\/{rel}","templated":true}]}}