{"id":760,"date":"2024-02-19T10:47:32","date_gmt":"2024-02-19T09:47:32","guid":{"rendered":"https:\/\/contecon.de\/picapportwiki\/?page_id=760"},"modified":"2024-02-19T10:48:08","modified_gmt":"2024-02-19T09:48:08","slug":"version-2-0-vom-24-01-2014","status":"publish","type":"page","link":"https:\/\/contecon.de\/picapportwiki\/version-2-0-vom-24-01-2014\/","title":{"rendered":"Version 2.0 vom 24.01.2014"},"content":{"rendered":"\t\t<div data-elementor-type=\"wp-page\" data-elementor-id=\"760\" class=\"elementor elementor-760\">\n\t\t\t\t<div class=\"elementor-element elementor-element-c6f910a e-flex e-con-boxed e-con e-parent\" data-id=\"c6f910a\" data-element_type=\"container\" data-settings=\"{&quot;content_width&quot;:&quot;boxed&quot;}\" data-core-v316-plus=\"true\">\n\t\t\t\t\t<div class=\"e-con-inner\">\n\t\t\t\t<div class=\"elementor-element elementor-element-10f0b4d elementor-widget elementor-widget-heading\" data-id=\"10f0b4d\" data-element_type=\"widget\" data-widget_type=\"heading.default\">\n\t\t\t\t<div class=\"elementor-widget-container\">\n\t\t\t<style>\/*! elementor - v3.19.0 - 07-02-2024 *\/\n.elementor-heading-title{padding:0;margin:0;line-height:1}.elementor-widget-heading .elementor-heading-title[class*=elementor-size-]>a{color:inherit;font-size:inherit;line-height:inherit}.elementor-widget-heading .elementor-heading-title.elementor-size-small{font-size:15px}.elementor-widget-heading .elementor-heading-title.elementor-size-medium{font-size:19px}.elementor-widget-heading .elementor-heading-title.elementor-size-large{font-size:29px}.elementor-widget-heading .elementor-heading-title.elementor-size-xl{font-size:39px}.elementor-widget-heading .elementor-heading-title.elementor-size-xxl{font-size:59px}<\/style><h2 class=\"elementor-heading-title elementor-size-default\">Version 2.0 vom 24.01.2014<\/h2>\t\t<\/div>\n\t\t\t\t<\/div>\n\t\t\t\t\t<\/div>\n\t\t\t\t<\/div>\n\t\t<div class=\"elementor-element elementor-element-02e2e53 e-flex e-con-boxed e-con e-parent\" data-id=\"02e2e53\" data-element_type=\"container\" data-settings=\"{&quot;content_width&quot;:&quot;boxed&quot;}\" data-core-v316-plus=\"true\">\n\t\t\t\t\t<div class=\"e-con-inner\">\n\t\t\t\t<div class=\"elementor-element elementor-element-36e06b7 elementor-widget elementor-widget-text-editor\" data-id=\"36e06b7\" data-element_type=\"widget\" data-widget_type=\"text-editor.default\">\n\t\t\t\t<div class=\"elementor-widget-container\">\n\t\t\t<style>\/*! elementor - v3.19.0 - 07-02-2024 *\/\n.elementor-widget-text-editor.elementor-drop-cap-view-stacked .elementor-drop-cap{background-color:#69727d;color:#fff}.elementor-widget-text-editor.elementor-drop-cap-view-framed .elementor-drop-cap{color:#69727d;border:3px solid;background-color:transparent}.elementor-widget-text-editor:not(.elementor-drop-cap-view-default) .elementor-drop-cap{margin-top:8px}.elementor-widget-text-editor:not(.elementor-drop-cap-view-default) .elementor-drop-cap-letter{width:1em;height:1em}.elementor-widget-text-editor .elementor-drop-cap{float:left;text-align:center;line-height:1;font-size:50px}.elementor-widget-text-editor .elementor-drop-cap-letter{display:inline-block}<\/style>\t\t\t\t<ul><li>Hauptfeature: Fotos k\u00f6nnen von beliebig vielen pop3 accounts geladen werden<\/li><li>Fotos k\u00f6nnen in Originalaufl\u00f6sung angezeigt werden<\/li><li>Abfragen k\u00f6nnen jetzt nach Einf\u00fcgedatum sortiert werden<\/li><li>Ergebnismenge kann jetzt begrenzt werden (limitresult:nnnnn)<\/li><li>Neues Popup Men\u00fc in der Slideshow<ul><li>Neuer Popup Men\u00fcbefehl um Slideshow auf Vollbild zu setzen<\/li><\/ul><\/li><li>Metadaten werden jetzt noch Sch\u00f6ner in eigener SideBar anzezeigt<\/li><li>Neuer Statusdialog wenn Probleme beim Datenbank\u00f6ffnen<\/li><li>4 Neue Metadaten-Felder f\u00fcr die Datenbank<ul><li>lens (in volltextsuche verf\u00fcgbar) Falls verf\u00fcgbar verwendetes Objektiv<\/li><li>description (in volltextsuche verf\u00fcgbar)<\/li><li>fingerprint (index) wird bei Email empfang benutzt um Dubletten zu verhindern<\/li><li>importDate (index) wird beuntzt um &#8222;Neue Fotos&#8220; abzufragen<\/li><li>Update auf jquery 2.0.1.3 (kein support mehr f\u00fcr IE 8 und kleiner)<\/li><\/ul><\/li><li>Ab sofort wird Java 1.7.x ben\u00f6tigt<\/li><li>Neue Bibliothek Bigscreen 2.0.1.3 (Apache Lizenz)<\/li><li>java.runtime.version wird beim start geloggt<\/li><li>Update auf jqueryMobile 1.4.0 (kein support mehr f\u00fcr IE 8 und kleiner)<\/li><li>Update auf OrientDb 1.6.2<\/li><li>neuer Konsolenbefehl &#8222;restart server&#8220; (properties port, ssl etc&#8230; k\u00f6nnen ver\u00e4ndert werden dann server neustart)<\/li><li>BugFix Leer jpg Dateien oder jpg-Dateien die defekt waren sorgten daf\u00fcr das Abfragen oder Verzeichnisse nicht angezeigt wurden. (Das war schon immer so)<\/li><\/ul>\t\t\t\t\t\t<\/div>\n\t\t\t\t<\/div>\n\t\t\t\t\t<\/div>\n\t\t\t\t<\/div>\n\t\t\t\t<\/div>\n\t\t","protected":false},"excerpt":{"rendered":"<p>Version 2.0 vom 24.01.2014 Hauptfeature: Fotos k\u00f6nnen von beliebig vielen pop3 accounts geladen werden Fotos k\u00f6nnen in Originalaufl\u00f6sung angezeigt werden Abfragen k\u00f6nnen jetzt nach Einf\u00fcgedatum sortiert werden Ergebnismenge kann jetzt begrenzt werden (limitresult:nnnnn) Neues Popup Men\u00fc in der Slideshow Neuer Popup Men\u00fcbefehl um Slideshow auf Vollbild zu setzen Metadaten werden jetzt noch Sch\u00f6ner in eigener [&hellip;]<\/p>\n","protected":false},"author":1,"featured_media":0,"parent":0,"menu_order":0,"comment_status":"closed","ping_status":"closed","template":"","meta":{"footnotes":""},"class_list":["post-760","page","type-page","status-publish","hentry","entry"],"_links":{"self":[{"href":"https:\/\/contecon.de\/picapportwiki\/wp-json\/wp\/v2\/pages\/760","targetHints":{"allow":["GET"]}}],"collection":[{"href":"https:\/\/contecon.de\/picapportwiki\/wp-json\/wp\/v2\/pages"}],"about":[{"href":"https:\/\/contecon.de\/picapportwiki\/wp-json\/wp\/v2\/types\/page"}],"author":[{"embeddable":true,"href":"https:\/\/contecon.de\/picapportwiki\/wp-json\/wp\/v2\/users\/1"}],"replies":[{"embeddable":true,"href":"https:\/\/contecon.de\/picapportwiki\/wp-json\/wp\/v2\/comments?post=760"}],"version-history":[{"count":4,"href":"https:\/\/contecon.de\/picapportwiki\/wp-json\/wp\/v2\/pages\/760\/revisions"}],"predecessor-version":[{"id":764,"href":"https:\/\/contecon.de\/picapportwiki\/wp-json\/wp\/v2\/pages\/760\/revisions\/764"}],"wp:attachment":[{"href":"https:\/\/contecon.de\/picapportwiki\/wp-json\/wp\/v2\/media?parent=760"}],"curies":[{"name":"wp","href":"https:\/\/api.w.org\/{rel}","templated":true}]}}