{"id":585,"date":"2024-02-19T09:57:47","date_gmt":"2024-02-19T08:57:47","guid":{"rendered":"https:\/\/contecon.de\/picapportwiki\/?page_id=585"},"modified":"2024-05-28T17:43:12","modified_gmt":"2024-05-28T15:43:12","slug":"wie-kann-ich-den-zugriff-auf-fotos-fuer-bestimmte-benutzergruppen-einschraenken","status":"publish","type":"page","link":"https:\/\/contecon.de\/picapportwiki\/wie-kann-ich-den-zugriff-auf-fotos-fuer-bestimmte-benutzergruppen-einschraenken\/","title":{"rendered":"Wie kann ich den Zugriff auf Fotos f\u00fcr bestimmte Benutzergruppen einschr\u00e4nken?"},"content":{"rendered":"\t\t<div data-elementor-type=\"wp-page\" data-elementor-id=\"585\" class=\"elementor elementor-585\">\n\t\t\t\t<div class=\"elementor-element elementor-element-e6248c4 e-flex e-con-boxed e-con e-parent\" data-id=\"e6248c4\" data-element_type=\"container\" data-settings=\"{&quot;content_width&quot;:&quot;boxed&quot;}\" data-core-v316-plus=\"true\">\n\t\t\t\t\t<div class=\"e-con-inner\">\n\t\t\t\t<div class=\"elementor-element elementor-element-a376076 elementor-widget elementor-widget-heading\" data-id=\"a376076\" data-element_type=\"widget\" data-widget_type=\"heading.default\">\n\t\t\t\t<div class=\"elementor-widget-container\">\n\t\t\t<style>\/*! elementor - v3.19.0 - 07-02-2024 *\/\n.elementor-heading-title{padding:0;margin:0;line-height:1}.elementor-widget-heading .elementor-heading-title[class*=elementor-size-]>a{color:inherit;font-size:inherit;line-height:inherit}.elementor-widget-heading .elementor-heading-title.elementor-size-small{font-size:15px}.elementor-widget-heading .elementor-heading-title.elementor-size-medium{font-size:19px}.elementor-widget-heading .elementor-heading-title.elementor-size-large{font-size:29px}.elementor-widget-heading .elementor-heading-title.elementor-size-xl{font-size:39px}.elementor-widget-heading .elementor-heading-title.elementor-size-xxl{font-size:59px}<\/style><h2 class=\"elementor-heading-title elementor-size-default\">Wie kann ich den Zugriff auf Fotos f\u00fcr bestimmte Benutzergruppen einschr\u00e4nken?<\/h2>\t\t<\/div>\n\t\t\t\t<\/div>\n\t\t\t\t\t<\/div>\n\t\t\t\t<\/div>\n\t\t<div class=\"elementor-element elementor-element-c0d2590 e-flex e-con-boxed e-con e-parent\" data-id=\"c0d2590\" data-element_type=\"container\" data-settings=\"{&quot;content_width&quot;:&quot;boxed&quot;}\" data-core-v316-plus=\"true\">\n\t\t\t\t\t<div class=\"e-con-inner\">\n\t\t\t\t<div class=\"elementor-element elementor-element-83d73bc elementor-widget elementor-widget-heading\" data-id=\"83d73bc\" data-element_type=\"widget\" data-widget_type=\"heading.default\">\n\t\t\t\t<div class=\"elementor-widget-container\">\n\t\t\t<h3 class=\"elementor-heading-title elementor-size-default\">Filter<\/h3>\t\t<\/div>\n\t\t\t\t<\/div>\n\t\t\t\t\t<\/div>\n\t\t\t\t<\/div>\n\t\t<div class=\"elementor-element elementor-element-0c7b9a9 e-flex e-con-boxed e-con e-parent\" data-id=\"0c7b9a9\" data-element_type=\"container\" data-settings=\"{&quot;content_width&quot;:&quot;boxed&quot;}\" data-core-v316-plus=\"true\">\n\t\t\t\t\t<div class=\"e-con-inner\">\n\t\t\t\t<div class=\"elementor-element elementor-element-d6edbab elementor-widget elementor-widget-text-editor\" data-id=\"d6edbab\" data-element_type=\"widget\" data-widget_type=\"text-editor.default\">\n\t\t\t\t<div class=\"elementor-widget-container\">\n\t\t\t<style>\/*! elementor - v3.19.0 - 07-02-2024 *\/\n.elementor-widget-text-editor.elementor-drop-cap-view-stacked .elementor-drop-cap{background-color:#69727d;color:#fff}.elementor-widget-text-editor.elementor-drop-cap-view-framed .elementor-drop-cap{color:#69727d;border:3px solid;background-color:transparent}.elementor-widget-text-editor:not(.elementor-drop-cap-view-default) .elementor-drop-cap{margin-top:8px}.elementor-widget-text-editor:not(.elementor-drop-cap-view-default) .elementor-drop-cap-letter{width:1em;height:1em}.elementor-widget-text-editor .elementor-drop-cap{float:left;text-align:center;line-height:1;font-size:50px}.elementor-widget-text-editor .elementor-drop-cap-letter{display:inline-block}<\/style>\t\t\t\t<p>Das Einschr\u00e4nken funktioniert \u00fcber eine Abfrage die als Filter in der Benutzerverwaltung eingetragen wird. M\u00f6chte man z.B. f\u00fcr die Gruppe Familie nur Fotos mit<em><strong>\u00a0f\u00fcnf Sternen<\/strong><\/em>\u00a0und dem Tag\u00a0<em><strong>\u00f6ffentlich<\/strong><\/em>\u00a0freigeben so ist folgender Eintrag vorzunehmen:<\/p>\t\t\t\t\t\t<\/div>\n\t\t\t\t<\/div>\n\t\t\t\t\t<\/div>\n\t\t\t\t<\/div>\n\t\t<div class=\"elementor-element elementor-element-63cbeb7 e-flex e-con-boxed e-con e-parent\" data-id=\"63cbeb7\" data-element_type=\"container\" data-settings=\"{&quot;content_width&quot;:&quot;boxed&quot;}\" data-core-v316-plus=\"true\">\n\t\t\t\t\t<div class=\"e-con-inner\">\n\t\t\t\t<div class=\"elementor-element elementor-element-d2e95ec elementor-widget elementor-widget-image\" data-id=\"d2e95ec\" data-element_type=\"widget\" data-widget_type=\"image.default\">\n\t\t\t\t<div class=\"elementor-widget-container\">\n\t\t\t<style>\/*! elementor - v3.19.0 - 07-02-2024 *\/\n.elementor-widget-image{text-align:center}.elementor-widget-image a{display:inline-block}.elementor-widget-image a img[src$=\".svg\"]{width:48px}.elementor-widget-image img{vertical-align:middle;display:inline-block}<\/style>\t\t\t\t\t\t\t\t\t\t<img fetchpriority=\"high\" decoding=\"async\" width=\"1024\" height=\"856\" src=\"https:\/\/contecon.de\/picapportwiki\/wp-content\/uploads\/2024\/02\/PicApportBenutzerverwaltung-Filter-1024x856.jpg\" class=\"attachment-large size-large wp-image-587\" alt=\"\" srcset=\"https:\/\/contecon.de\/picapportwiki\/wp-content\/uploads\/2024\/02\/PicApportBenutzerverwaltung-Filter-1024x856.jpg 1024w, https:\/\/contecon.de\/picapportwiki\/wp-content\/uploads\/2024\/02\/PicApportBenutzerverwaltung-Filter-300x251.jpg 300w, https:\/\/contecon.de\/picapportwiki\/wp-content\/uploads\/2024\/02\/PicApportBenutzerverwaltung-Filter-768x642.jpg 768w, https:\/\/contecon.de\/picapportwiki\/wp-content\/uploads\/2024\/02\/PicApportBenutzerverwaltung-Filter.jpg 1060w\" sizes=\"(max-width: 1024px) 100vw, 1024px\" \/>\t\t\t\t\t\t\t\t\t\t\t\t\t<\/div>\n\t\t\t\t<\/div>\n\t\t\t\t\t<\/div>\n\t\t\t\t<\/div>\n\t\t<div class=\"elementor-element elementor-element-9c784b8 e-flex e-con-boxed e-con e-parent\" data-id=\"9c784b8\" data-element_type=\"container\" data-settings=\"{&quot;content_width&quot;:&quot;boxed&quot;}\" data-core-v316-plus=\"true\">\n\t\t\t\t\t<div class=\"e-con-inner\">\n\t\t\t\t<div class=\"elementor-element elementor-element-8074cdc elementor-widget elementor-widget-heading\" data-id=\"8074cdc\" data-element_type=\"widget\" data-widget_type=\"heading.default\">\n\t\t\t\t<div class=\"elementor-widget-container\">\n\t\t\t<h3 class=\"elementor-heading-title elementor-size-default\">Und wie funktionieren Einschr\u00e4nkungen auf bestimmte Verzeichnisse?<\/h3>\t\t<\/div>\n\t\t\t\t<\/div>\n\t\t\t\t\t<\/div>\n\t\t\t\t<\/div>\n\t\t<div class=\"elementor-element elementor-element-4d6a9aa e-flex e-con-boxed e-con e-parent\" data-id=\"4d6a9aa\" data-element_type=\"container\" data-settings=\"{&quot;content_width&quot;:&quot;boxed&quot;}\" data-core-v316-plus=\"true\">\n\t\t\t\t\t<div class=\"e-con-inner\">\n\t\t\t\t<div class=\"elementor-element elementor-element-b54a20f elementor-widget elementor-widget-text-editor\" data-id=\"b54a20f\" data-element_type=\"widget\" data-widget_type=\"text-editor.default\">\n\t\t\t\t<div class=\"elementor-widget-container\">\n\t\t\t\t\t\t\t<p>Hier gibt es prinzipiell zwei M\u00f6glichkeiten:<\/p><ol><li>Man verwendet Konventionen f\u00fcr Tags in den Verzeichnisnamen:<br \/>Beispiel Verzeichnisname:<em>\u00a02010-01-<strong>\u00f6ffentlich<\/strong>-winterurlaub<br \/><\/em>Hier w\u00e4ren alle Fotos\u00a0 mit f\u00fcnf Sternen f\u00fcr das Beispiel oben freigegeben.<br \/>Diese Vorgehensweise kann ich empfehlen da die Freigaben \u00fcber Tags erfolgen und nicht \u00fcber Hierarchien.<br \/>Bei den Tags kann man sich auch Kunstw\u00f6rter ausdenken. z.B. Freigaben fangen alle mit\u00a0<em><strong>public<\/strong>\u00a0<\/em>an:<br \/><em><strong>publicverein<\/strong><\/em>,\u00a0<em><strong>publicfamilie<\/strong><\/em>,\u00a0\u00a0<em><strong>publicfreunde<\/strong><br \/><\/em>Wichtig ist: ausprobieren und testen!<p>\u00a0<\/p><\/li><li>Will man dennoch bestimmte Verzeichnisse freigeben, kann man dies \u00fcber die Operatoren\u00a0<em><strong>dir:<\/strong>\u00a0<\/em>und\u00a0<strong><em>dirall:<\/em><\/strong>, die auch f\u00fcr alle anderen Abfragen wie z.B. dynamische Sammlungen funktionieren, erreichen. Doku siehe hier:\u00a0<a href=\"https:\/\/contecon.de\/picapportwiki\/volltextsuche-ueber-alle-bilder\/\">Volltextsuche \u00fcber alle Bilder<\/a>\u00a0oder \u00fcber\u00a0<em><strong>&#8222;Hilfe&#8220;<\/strong><\/em>\u00a0auf der PicApport Startseite.<\/li><\/ol>\t\t\t\t\t\t<\/div>\n\t\t\t\t<\/div>\n\t\t\t\t\t<\/div>\n\t\t\t\t<\/div>\n\t\t\t\t<\/div>\n\t\t","protected":false},"excerpt":{"rendered":"<p>Wie kann ich den Zugriff auf Fotos f\u00fcr bestimmte Benutzergruppen einschr\u00e4nken? Filter Das Einschr\u00e4nken funktioniert \u00fcber eine Abfrage die als Filter in der Benutzerverwaltung eingetragen wird. M\u00f6chte man z.B. f\u00fcr die Gruppe Familie nur Fotos mit\u00a0f\u00fcnf Sternen\u00a0und dem Tag\u00a0\u00f6ffentlich\u00a0freigeben so ist folgender Eintrag vorzunehmen: Und wie funktionieren Einschr\u00e4nkungen auf bestimmte Verzeichnisse? Hier gibt es prinzipiell [&hellip;]<\/p>\n","protected":false},"author":1,"featured_media":0,"parent":0,"menu_order":0,"comment_status":"closed","ping_status":"closed","template":"","meta":{"footnotes":""},"class_list":["post-585","page","type-page","status-publish","hentry","entry"],"_links":{"self":[{"href":"https:\/\/contecon.de\/picapportwiki\/wp-json\/wp\/v2\/pages\/585","targetHints":{"allow":["GET"]}}],"collection":[{"href":"https:\/\/contecon.de\/picapportwiki\/wp-json\/wp\/v2\/pages"}],"about":[{"href":"https:\/\/contecon.de\/picapportwiki\/wp-json\/wp\/v2\/types\/page"}],"author":[{"embeddable":true,"href":"https:\/\/contecon.de\/picapportwiki\/wp-json\/wp\/v2\/users\/1"}],"replies":[{"embeddable":true,"href":"https:\/\/contecon.de\/picapportwiki\/wp-json\/wp\/v2\/comments?post=585"}],"version-history":[{"count":7,"href":"https:\/\/contecon.de\/picapportwiki\/wp-json\/wp\/v2\/pages\/585\/revisions"}],"predecessor-version":[{"id":2487,"href":"https:\/\/contecon.de\/picapportwiki\/wp-json\/wp\/v2\/pages\/585\/revisions\/2487"}],"wp:attachment":[{"href":"https:\/\/contecon.de\/picapportwiki\/wp-json\/wp\/v2\/media?parent=585"}],"curies":[{"name":"wp","href":"https:\/\/api.w.org\/{rel}","templated":true}]}}