{"id":533,"date":"2024-02-19T09:31:22","date_gmt":"2024-02-19T08:31:22","guid":{"rendered":"https:\/\/contecon.de\/picapportwiki\/?page_id=533"},"modified":"2024-05-24T14:20:23","modified_gmt":"2024-05-24T12:20:23","slug":"kann-man-die-fotoqualitaet-bei-der-anzeige-von-fotos-verbessern","status":"publish","type":"page","link":"https:\/\/contecon.de\/picapportwiki\/kann-man-die-fotoqualitaet-bei-der-anzeige-von-fotos-verbessern\/","title":{"rendered":"Kann man die Fotoqualit\u00e4t bei der Anzeige von Fotos verbessern?"},"content":{"rendered":"\t\t<div data-elementor-type=\"wp-page\" data-elementor-id=\"533\" class=\"elementor elementor-533\">\n\t\t\t\t<div class=\"elementor-element elementor-element-565ae8b e-flex e-con-boxed e-con e-parent\" data-id=\"565ae8b\" data-element_type=\"container\" data-settings=\"{&quot;content_width&quot;:&quot;boxed&quot;}\" data-core-v316-plus=\"true\">\n\t\t\t\t\t<div class=\"e-con-inner\">\n\t\t\t\t<div class=\"elementor-element elementor-element-c2f1e1c elementor-widget elementor-widget-heading\" data-id=\"c2f1e1c\" data-element_type=\"widget\" data-widget_type=\"heading.default\">\n\t\t\t\t<div class=\"elementor-widget-container\">\n\t\t\t<style>\/*! elementor - v3.19.0 - 07-02-2024 *\/\n.elementor-heading-title{padding:0;margin:0;line-height:1}.elementor-widget-heading .elementor-heading-title[class*=elementor-size-]>a{color:inherit;font-size:inherit;line-height:inherit}.elementor-widget-heading .elementor-heading-title.elementor-size-small{font-size:15px}.elementor-widget-heading .elementor-heading-title.elementor-size-medium{font-size:19px}.elementor-widget-heading .elementor-heading-title.elementor-size-large{font-size:29px}.elementor-widget-heading .elementor-heading-title.elementor-size-xl{font-size:39px}.elementor-widget-heading .elementor-heading-title.elementor-size-xxl{font-size:59px}<\/style><h2 class=\"elementor-heading-title elementor-size-default\">Kann man die Fotoqualit\u00e4t bei der Anzeige von Fotos verbessern?<\/h2>\t\t<\/div>\n\t\t\t\t<\/div>\n\t\t\t\t\t<\/div>\n\t\t\t\t<\/div>\n\t\t<div class=\"elementor-element elementor-element-f23556c e-flex e-con-boxed e-con e-parent\" data-id=\"f23556c\" data-element_type=\"container\" data-settings=\"{&quot;content_width&quot;:&quot;boxed&quot;}\" data-core-v316-plus=\"true\">\n\t\t\t\t\t<div class=\"e-con-inner\">\n\t\t\t\t<div class=\"elementor-element elementor-element-34a1ba0 elementor-widget elementor-widget-text-editor\" data-id=\"34a1ba0\" data-element_type=\"widget\" data-widget_type=\"text-editor.default\">\n\t\t\t\t<div class=\"elementor-widget-container\">\n\t\t\t<style>\/*! elementor - v3.19.0 - 07-02-2024 *\/\n.elementor-widget-text-editor.elementor-drop-cap-view-stacked .elementor-drop-cap{background-color:#69727d;color:#fff}.elementor-widget-text-editor.elementor-drop-cap-view-framed .elementor-drop-cap{color:#69727d;border:3px solid;background-color:transparent}.elementor-widget-text-editor:not(.elementor-drop-cap-view-default) .elementor-drop-cap{margin-top:8px}.elementor-widget-text-editor:not(.elementor-drop-cap-view-default) .elementor-drop-cap-letter{width:1em;height:1em}.elementor-widget-text-editor .elementor-drop-cap{float:left;text-align:center;line-height:1;font-size:50px}.elementor-widget-text-editor .elementor-drop-cap-letter{display:inline-block}<\/style>\t\t\t\t<p>z.B. werden diagonale Kanten bei manchen Fotos sichtbar als Treppe dargestellt.<\/p><p>Um die Performance bei der Daten\u00fcbertragung zu verbessern skaliert PicApport die Fotos vor der Anzeige auf die Gr\u00f6\u00dfe des Anzeigeger\u00e4tes.<\/p><p>\u00dcber folgende Parameter\/Funktionen kann die Ausgabequalit\u00e4t gesteuert werden:<\/p><ul><li>Zoom \u00fcber Mausrad oder Wischgeste l\u00e4dt das Originalbild in Originalaufl\u00f6sung<\/li><li>Parameter\u00a0<em><strong>foto.jpg.quality<\/strong><\/em>\u00a0steuert die Qualit\u00e4t der jpg Komprimierung.\u00a0<br \/><em><strong>foto.jpg.quality=1.0\u00a0<\/strong><\/em>(beste Qualit\u00e4t)<br \/>siehe:\u00a0<a href=\"https:\/\/contecon.de\/picapportwiki\/picapport-server-guide\/\">PicApport-Server Guide<\/a><\/li><\/ul>\t\t\t\t\t\t<\/div>\n\t\t\t\t<\/div>\n\t\t\t\t\t<\/div>\n\t\t\t\t<\/div>\n\t\t\t\t<\/div>\n\t\t","protected":false},"excerpt":{"rendered":"<p>Kann man die Fotoqualit\u00e4t bei der Anzeige von Fotos verbessern? z.B. werden diagonale Kanten bei manchen Fotos sichtbar als Treppe dargestellt. Um die Performance bei der Daten\u00fcbertragung zu verbessern skaliert PicApport die Fotos vor der Anzeige auf die Gr\u00f6\u00dfe des Anzeigeger\u00e4tes. \u00dcber folgende Parameter\/Funktionen kann die Ausgabequalit\u00e4t gesteuert werden: Zoom \u00fcber Mausrad oder Wischgeste l\u00e4dt [&hellip;]<\/p>\n","protected":false},"author":1,"featured_media":0,"parent":0,"menu_order":0,"comment_status":"closed","ping_status":"closed","template":"","meta":{"footnotes":""},"class_list":["post-533","page","type-page","status-publish","hentry","entry"],"_links":{"self":[{"href":"https:\/\/contecon.de\/picapportwiki\/wp-json\/wp\/v2\/pages\/533","targetHints":{"allow":["GET"]}}],"collection":[{"href":"https:\/\/contecon.de\/picapportwiki\/wp-json\/wp\/v2\/pages"}],"about":[{"href":"https:\/\/contecon.de\/picapportwiki\/wp-json\/wp\/v2\/types\/page"}],"author":[{"embeddable":true,"href":"https:\/\/contecon.de\/picapportwiki\/wp-json\/wp\/v2\/users\/1"}],"replies":[{"embeddable":true,"href":"https:\/\/contecon.de\/picapportwiki\/wp-json\/wp\/v2\/comments?post=533"}],"version-history":[{"count":7,"href":"https:\/\/contecon.de\/picapportwiki\/wp-json\/wp\/v2\/pages\/533\/revisions"}],"predecessor-version":[{"id":2247,"href":"https:\/\/contecon.de\/picapportwiki\/wp-json\/wp\/v2\/pages\/533\/revisions\/2247"}],"wp:attachment":[{"href":"https:\/\/contecon.de\/picapportwiki\/wp-json\/wp\/v2\/media?parent=533"}],"curies":[{"name":"wp","href":"https:\/\/api.w.org\/{rel}","templated":true}]}}