{"id":385,"date":"2024-02-14T15:30:02","date_gmt":"2024-02-14T14:30:02","guid":{"rendered":"https:\/\/contecon.de\/picapportwiki\/?page_id=385"},"modified":"2024-05-31T11:26:08","modified_gmt":"2024-05-31T09:26:08","slug":"picapport-add-on-geojson-reiseroute-generator","status":"publish","type":"page","link":"https:\/\/contecon.de\/picapportwiki\/picapport-add-on-geojson-reiseroute-generator\/","title":{"rendered":"PicApport Add-on: GEOJSON Reiseroute Generator"},"content":{"rendered":"\t\t<div data-elementor-type=\"wp-page\" data-elementor-id=\"385\" class=\"elementor elementor-385\">\n\t\t\t\t<div class=\"elementor-element elementor-element-1222de2 e-flex e-con-boxed e-con e-parent\" data-id=\"1222de2\" data-element_type=\"container\" data-settings=\"{&quot;content_width&quot;:&quot;boxed&quot;}\" data-core-v316-plus=\"true\">\n\t\t\t\t\t<div class=\"e-con-inner\">\n\t\t\t\t<div class=\"elementor-element elementor-element-d31e54b elementor-widget elementor-widget-heading\" data-id=\"d31e54b\" data-element_type=\"widget\" data-widget_type=\"heading.default\">\n\t\t\t\t<div class=\"elementor-widget-container\">\n\t\t\t<style>\/*! elementor - v3.19.0 - 07-02-2024 *\/\n.elementor-heading-title{padding:0;margin:0;line-height:1}.elementor-widget-heading .elementor-heading-title[class*=elementor-size-]>a{color:inherit;font-size:inherit;line-height:inherit}.elementor-widget-heading .elementor-heading-title.elementor-size-small{font-size:15px}.elementor-widget-heading .elementor-heading-title.elementor-size-medium{font-size:19px}.elementor-widget-heading .elementor-heading-title.elementor-size-large{font-size:29px}.elementor-widget-heading .elementor-heading-title.elementor-size-xl{font-size:39px}.elementor-widget-heading .elementor-heading-title.elementor-size-xxl{font-size:59px}<\/style><h2 class=\"elementor-heading-title elementor-size-default\">PicApport Add-on: GEOJSON Reiseroute Generator<\/h2>\t\t<\/div>\n\t\t\t\t<\/div>\n\t\t\t\t\t<\/div>\n\t\t\t\t<\/div>\n\t\t<div class=\"elementor-element elementor-element-1cdc77b e-flex e-con-boxed e-con e-parent\" data-id=\"1cdc77b\" data-element_type=\"container\" data-settings=\"{&quot;content_width&quot;:&quot;boxed&quot;}\" data-core-v316-plus=\"true\">\n\t\t\t\t\t<div class=\"e-con-inner\">\n\t\t\t\t<div class=\"elementor-element elementor-element-455a9d1 elementor-widget elementor-widget-text-editor\" data-id=\"455a9d1\" data-element_type=\"widget\" data-widget_type=\"text-editor.default\">\n\t\t\t\t<div class=\"elementor-widget-container\">\n\t\t\t<style>\/*! elementor - v3.19.0 - 07-02-2024 *\/\n.elementor-widget-text-editor.elementor-drop-cap-view-stacked .elementor-drop-cap{background-color:#69727d;color:#fff}.elementor-widget-text-editor.elementor-drop-cap-view-framed .elementor-drop-cap{color:#69727d;border:3px solid;background-color:transparent}.elementor-widget-text-editor:not(.elementor-drop-cap-view-default) .elementor-drop-cap{margin-top:8px}.elementor-widget-text-editor:not(.elementor-drop-cap-view-default) .elementor-drop-cap-letter{width:1em;height:1em}.elementor-widget-text-editor .elementor-drop-cap{float:left;text-align:center;line-height:1;font-size:50px}.elementor-widget-text-editor .elementor-drop-cap-letter{display:inline-block}<\/style>\t\t\t\t<p>Nutzt den Webdienst\u00a0<a class=\"external-link\" href=\"https:\/\/openrouteservice.org\/\" rel=\"nofollow\">openrouteservice.org,<\/a>\u00a0um auf Basis der Geodaten der selektierten Fotos eine Reiseroute im GEOJSON-Format zu erzeugen.<\/p>\t\t\t\t\t\t<\/div>\n\t\t\t\t<\/div>\n\t\t\t\t\t<\/div>\n\t\t\t\t<\/div>\n\t\t<div class=\"elementor-element elementor-element-14a5ce9 e-flex e-con-boxed e-con e-parent\" data-id=\"14a5ce9\" data-element_type=\"container\" data-settings=\"{&quot;content_width&quot;:&quot;boxed&quot;}\" data-core-v316-plus=\"true\">\n\t\t\t\t\t<div class=\"e-con-inner\">\n\t\t\t\t<div class=\"elementor-element elementor-element-32034ec elementor-widget elementor-widget-heading\" data-id=\"32034ec\" data-element_type=\"widget\" data-widget_type=\"heading.default\">\n\t\t\t\t<div class=\"elementor-widget-container\">\n\t\t\t<h3 class=\"elementor-heading-title elementor-size-default\">Screenshots<\/h3>\t\t<\/div>\n\t\t\t\t<\/div>\n\t\t\t\t\t<\/div>\n\t\t\t\t<\/div>\n\t\t<div class=\"elementor-element elementor-element-57b08ad e-flex e-con-boxed e-con e-parent\" data-id=\"57b08ad\" data-element_type=\"container\" data-settings=\"{&quot;content_width&quot;:&quot;boxed&quot;}\" data-core-v316-plus=\"true\">\n\t\t\t\t\t<div class=\"e-con-inner\">\n\t\t\t\t<div class=\"elementor-element elementor-element-cbd986a elementor-widget elementor-widget-image\" data-id=\"cbd986a\" data-element_type=\"widget\" data-widget_type=\"image.default\">\n\t\t\t\t<div class=\"elementor-widget-container\">\n\t\t\t<style>\/*! elementor - v3.19.0 - 07-02-2024 *\/\n.elementor-widget-image{text-align:center}.elementor-widget-image a{display:inline-block}.elementor-widget-image a img[src$=\".svg\"]{width:48px}.elementor-widget-image img{vertical-align:middle;display:inline-block}<\/style>\t\t\t\t\t\t\t\t\t\t<img fetchpriority=\"high\" decoding=\"async\" width=\"393\" height=\"594\" src=\"https:\/\/contecon.de\/picapportwiki\/wp-content\/uploads\/2024\/05\/GeoJsonRoute1.jpg\" class=\"attachment-large size-large wp-image-2601\" alt=\"\" srcset=\"https:\/\/contecon.de\/picapportwiki\/wp-content\/uploads\/2024\/05\/GeoJsonRoute1.jpg 393w, https:\/\/contecon.de\/picapportwiki\/wp-content\/uploads\/2024\/05\/GeoJsonRoute1-198x300.jpg 198w\" sizes=\"(max-width: 393px) 100vw, 393px\" \/>\t\t\t\t\t\t\t\t\t\t\t\t\t<\/div>\n\t\t\t\t<\/div>\n\t\t\t\t\t<\/div>\n\t\t\t\t<\/div>\n\t\t<div class=\"elementor-element elementor-element-d50f3d7 e-flex e-con-boxed e-con e-parent\" data-id=\"d50f3d7\" data-element_type=\"container\" data-settings=\"{&quot;content_width&quot;:&quot;boxed&quot;}\" data-core-v316-plus=\"true\">\n\t\t\t\t\t<div class=\"e-con-inner\">\n\t\t\t\t<div class=\"elementor-element elementor-element-ef786b9 elementor-widget elementor-widget-image\" data-id=\"ef786b9\" data-element_type=\"widget\" data-widget_type=\"image.default\">\n\t\t\t\t<div class=\"elementor-widget-container\">\n\t\t\t\t\t\t\t\t\t\t\t\t\t<img decoding=\"async\" width=\"766\" height=\"703\" src=\"https:\/\/contecon.de\/picapportwiki\/wp-content\/uploads\/2024\/05\/GeoJsonRoute2.jpg\" class=\"attachment-large size-large wp-image-2602\" alt=\"\" srcset=\"https:\/\/contecon.de\/picapportwiki\/wp-content\/uploads\/2024\/05\/GeoJsonRoute2.jpg 766w, https:\/\/contecon.de\/picapportwiki\/wp-content\/uploads\/2024\/05\/GeoJsonRoute2-300x275.jpg 300w\" sizes=\"(max-width: 766px) 100vw, 766px\" \/>\t\t\t\t\t\t\t\t\t\t\t\t\t<\/div>\n\t\t\t\t<\/div>\n\t\t\t\t\t<\/div>\n\t\t\t\t<\/div>\n\t\t<div class=\"elementor-element elementor-element-06edbd8 e-flex e-con-boxed e-con e-parent\" data-id=\"06edbd8\" data-element_type=\"container\" data-settings=\"{&quot;content_width&quot;:&quot;boxed&quot;}\" data-core-v316-plus=\"true\">\n\t\t\t\t\t<div class=\"e-con-inner\">\n\t\t\t\t<div class=\"elementor-element elementor-element-d567dd1 elementor-widget elementor-widget-image\" data-id=\"d567dd1\" data-element_type=\"widget\" data-widget_type=\"image.default\">\n\t\t\t\t<div class=\"elementor-widget-container\">\n\t\t\t\t\t\t\t\t\t\t\t\t\t<img decoding=\"async\" width=\"602\" height=\"655\" src=\"https:\/\/contecon.de\/picapportwiki\/wp-content\/uploads\/2024\/05\/GeoJsonRoute3.jpg\" class=\"attachment-large size-large wp-image-2603\" alt=\"\" srcset=\"https:\/\/contecon.de\/picapportwiki\/wp-content\/uploads\/2024\/05\/GeoJsonRoute3.jpg 602w, https:\/\/contecon.de\/picapportwiki\/wp-content\/uploads\/2024\/05\/GeoJsonRoute3-276x300.jpg 276w\" sizes=\"(max-width: 602px) 100vw, 602px\" \/>\t\t\t\t\t\t\t\t\t\t\t\t\t<\/div>\n\t\t\t\t<\/div>\n\t\t\t\t\t<\/div>\n\t\t\t\t<\/div>\n\t\t<div class=\"elementor-element elementor-element-631fe45 e-flex e-con-boxed e-con e-parent\" data-id=\"631fe45\" data-element_type=\"container\" data-settings=\"{&quot;content_width&quot;:&quot;boxed&quot;}\" data-core-v316-plus=\"true\">\n\t\t\t\t\t<div class=\"e-con-inner\">\n\t\t\t\t<div class=\"elementor-element elementor-element-5b2755b elementor-widget elementor-widget-heading\" data-id=\"5b2755b\" data-element_type=\"widget\" data-widget_type=\"heading.default\">\n\t\t\t\t<div class=\"elementor-widget-container\">\n\t\t\t<h3 class=\"elementor-heading-title elementor-size-default\">Eigenschaften<\/h3>\t\t<\/div>\n\t\t\t\t<\/div>\n\t\t\t\t\t<\/div>\n\t\t\t\t<\/div>\n\t\t<div class=\"elementor-element elementor-element-88740b6 e-flex e-con-boxed e-con e-parent\" data-id=\"88740b6\" data-element_type=\"container\" data-settings=\"{&quot;content_width&quot;:&quot;boxed&quot;}\" data-core-v316-plus=\"true\">\n\t\t\t\t\t<div class=\"e-con-inner\">\n\t\t\t\t<div class=\"elementor-element elementor-element-a6ec36e elementor-widget elementor-widget-text-editor\" data-id=\"a6ec36e\" data-element_type=\"widget\" data-widget_type=\"text-editor.default\">\n\t\t\t\t<div class=\"elementor-widget-container\">\n\t\t\t\t\t\t\t<table class=\"wrapped confluenceTable\"><tbody><tr><th class=\"confluenceTh\">Name des Addons<\/th><td class=\"confluenceTd\">PicApport GEOJSON Reiseroute Generator<\/td><\/tr><tr><th class=\"confluenceTh\" colspan=\"1\">Typ<\/th><td class=\"confluenceTd\" colspan=\"1\">Prozedur<\/td><\/tr><tr><th class=\"confluenceTh\" colspan=\"1\">Beschreibung<\/th><td class=\"confluenceTd\" colspan=\"1\"><div class=\"content-wrapper\"><p>Erzeugt eine Reiseroute f\u00fcr die selektierten Fotos, indem die Geokoordinaten \u00fcber Stra\u00dfen verbunden werden.<br \/>Die erzeugte Datei wird im Verzeichnis des 1. selektierten Fotos abgelegt. Das Dateidatum wird auf eine Sekunde vor dem \u00e4ltesten Foto gesetzt. So ist der Thumb der Karte immer am Anfang zu sehen (Bei Sortierung Datum aufsteigend).<\/p><p>Nach Beendigung des Add-ons wird ein Button angeboten der alle Fotos dieses Verzeichnisses anzeigt.<\/p><p>Folgendes sollte man hierbei beachten:<\/p><ul><li>Es\u00a0 m\u00fcssen mindestens zwei Fotos zum Verbinden selektiert sein.<\/li><li>Unsere Beobachtung ist, dass bei manchen Fotosammlungen das Erstellen der Karte nicht klappt (Webdienst meldet Fehler)<br \/>Folgende Gr\u00fcnde k\u00f6nnen dazu f\u00fchren:<ul><li>Falscher oder fehlender API-Key<\/li><li>Es gibt Fotos mit ung\u00fcltigen Koordinaten (z.B. offenes Meer usw.)<\/li><li>Bei Fotos im Gel\u00e4nde\/Wald (z.B bei. Wanderungen) l\u00e4sst sich dies oft durch \u00c4ndern des Routentyps von PKW auf z.B. Wandern l\u00f6sen.<\/li><\/ul><\/li><\/ul><div class=\"confluence-information-macro confluence-information-macro-note conf-macro output-block\" data-hasbody=\"true\" data-macro-name=\"note\"><div class=\"confluence-information-macro-body\"><p>Bitte beachten Sie, dass hierbei die Geodaten der Fotos (nicht die Fotos selbst) an openrouteservice.org \u00fcbertragen werden.<\/p><\/div><\/div><\/div><\/td><\/tr><tr><th class=\"confluenceTh\">Dateiname des Addons<\/th><td class=\"confluenceTd\"><p>pagpOpenrouteGeoJSONRoute-x.x.x.zip\u00a0(x.x.x bezeichnet Version)<\/p><\/td><\/tr><tr><th class=\"confluenceTh\" colspan=\"1\">Im Windows Installer<\/th><td class=\"confluenceTd\" colspan=\"1\">Ja<\/td><\/tr><tr><th class=\"confluenceTh\" colspan=\"1\">Vorraussetzungen<\/th><td class=\"confluenceTd\" colspan=\"1\"><div class=\"content-wrapper\"><ul><li>PicApport-Server ben\u00f6tigt Internet-Zugriff<br \/><br \/><\/li><li>Es wird ein API-Key ben\u00f6tigt.<br \/>Dieser ist (Stand August 2020) kostenlos auf\u00a0<a class=\"external-link\" href=\"https:\/\/openrouteservice.org\/plans\/\" rel=\"nofollow\">https:\/\/openrouteservice.org\/plans\/<\/a>\u00a0von\u00a0<a class=\"external-link\" href=\"https:\/\/openrouteservice.org\/\" rel=\"nofollow\">https:\/\/openrouteservice.org\/<\/a>\u00a0zu bekommen.<br \/>Nach der Registrierung ist ein sogenannter Token zu erstellen (Request Token\/Create Token), wodurch der ben\u00f6tigte Key generiert wird. Dieser Key ist zu kopieren und im PicApport Add-on einzutragen.<\/li><\/ul><\/div><\/td><\/tr><tr><th class=\"confluenceTh\" colspan=\"1\">Ben\u00f6tigte PicApport<br \/>Berechtigung des<br \/>Users<\/th><td class=\"confluenceTd\" colspan=\"1\"><ul><li>pap:access:metadata<br \/>Berechtigung Metadaten der Fotos anzuschauen<\/li><li>pap:admin:addon:config<br \/>Berechtigung Konfigurationsparameter von Add-ons einzustellen.<br \/>Die Eingabeparameter\u00a0<em>API-Key<\/em>\u00a0sowie\u00a0<em>Aktuelle Parameter als Vorgabe speichern<\/em>\u00a0sind nur sichtbar, wenn der aktuelle Benutzer diese Berechtigung hat.<\/li><\/ul><\/td><\/tr><tr><th class=\"confluenceTh\">Downloadseite<\/th><td class=\"confluenceTd\"><a class=\"external-link\" href=\"https:\/\/www.picapport.de\/de\/add-ons.php\" rel=\"nofollow\">https:\/\/www.picapport.de\/de\/add-ons.php<\/a><\/td><\/tr><tr><th class=\"confluenceTh\" colspan=\"1\">Eingabeparameter<\/th><td class=\"confluenceTd\" colspan=\"1\"><ul><li><em><strong>Optionaler Dateiname<\/strong><\/em><br \/>Wenn das Feld leer ist wird als Dateiname der Verzeichnisname des 1. Fotos mit der Erweiterung\u00a0<strong>.paRouteGen.geojson<\/strong>\u00a0gew\u00e4hlt.<br \/><br \/><\/li><li><em><strong>Mindestabstand Waypoints (Luftlinie in Meter)<br \/><\/strong><\/em>Zur Optimierung werden nur Koordinaten \u00fcbertragen, die vom vorherigen Punkt einen Mindestabstand (in Meter) haben<em><strong><br \/><br \/><\/strong><\/em><\/li><li><em><strong>Route type<br \/><\/strong><\/em>PKW, Fahrrad, Fahrrad Mountainbike, Laufen, Wandern.<em><strong><br \/><\/strong><\/em>Siehe auch\u00a0openrouteservice.org Doku<em><strong><br \/><br \/><\/strong><\/em><\/li><li><em><strong>Analysiere Anfrage<br \/><\/strong><\/em>wenn gesetzt, wird das an openrouteservice.org \u00fcbertragene JSON angezeigt.<br \/><br \/><\/li><li><strong><em>API-Key<br \/><\/em><\/strong>Dieser ist (Stand August 2020) kostenlos auf\u00a0<a class=\"external-link\" href=\"https:\/\/openrouteservice.org\/plans\/\" rel=\"nofollow\">https:\/\/openrouteservice.org\/plans\/<\/a>\u00a0von\u00a0<a class=\"external-link\" href=\"https:\/\/openrouteservice.org\/\" rel=\"nofollow\">https:\/\/openrouteservice.org\/<\/a>\u00a0zu bekommen.<\/li><\/ul><ul><li><strong><em>Aktuelle Parameter als Vorgabe speichern<br \/><\/em><\/strong>Wenn gesetzt, werden die aktuellen Eingabewerte (inklusive API-ID) als Vorgabewerte f\u00fcr die k\u00fcnftige Verwendung gespeichert.<br \/>Dies kann z.B. genutzt werden, um Anwendern, die die Berechtigung zur Addon-Administration nicht haben, die Eingabe des API-Keys zu verbergen.<\/li><\/ul><ul><li><strong><em>Analysiere Ergebnis<\/em><\/strong><br \/>Wenn gesetzt, wird das Ergebnis des Webdienstes als JSON angezeigt.<\/li><\/ul><\/td><\/tr><\/tbody><\/table>\t\t\t\t\t\t<\/div>\n\t\t\t\t<\/div>\n\t\t\t\t\t<\/div>\n\t\t\t\t<\/div>\n\t\t\t\t<\/div>\n\t\t","protected":false},"excerpt":{"rendered":"<p>PicApport Add-on: GEOJSON Reiseroute Generator Nutzt den Webdienst\u00a0openrouteservice.org,\u00a0um auf Basis der Geodaten der selektierten Fotos eine Reiseroute im GEOJSON-Format zu erzeugen. Screenshots Eigenschaften Name des Addons PicApport GEOJSON Reiseroute Generator Typ Prozedur Beschreibung Erzeugt eine Reiseroute f\u00fcr die selektierten Fotos, indem die Geokoordinaten \u00fcber Stra\u00dfen verbunden werden.Die erzeugte Datei wird im Verzeichnis des 1. selektierten [&hellip;]<\/p>\n","protected":false},"author":1,"featured_media":0,"parent":0,"menu_order":0,"comment_status":"closed","ping_status":"closed","template":"","meta":{"footnotes":""},"class_list":["post-385","page","type-page","status-publish","hentry","entry"],"_links":{"self":[{"href":"https:\/\/contecon.de\/picapportwiki\/wp-json\/wp\/v2\/pages\/385","targetHints":{"allow":["GET"]}}],"collection":[{"href":"https:\/\/contecon.de\/picapportwiki\/wp-json\/wp\/v2\/pages"}],"about":[{"href":"https:\/\/contecon.de\/picapportwiki\/wp-json\/wp\/v2\/types\/page"}],"author":[{"embeddable":true,"href":"https:\/\/contecon.de\/picapportwiki\/wp-json\/wp\/v2\/users\/1"}],"replies":[{"embeddable":true,"href":"https:\/\/contecon.de\/picapportwiki\/wp-json\/wp\/v2\/comments?post=385"}],"version-history":[{"count":7,"href":"https:\/\/contecon.de\/picapportwiki\/wp-json\/wp\/v2\/pages\/385\/revisions"}],"predecessor-version":[{"id":2606,"href":"https:\/\/contecon.de\/picapportwiki\/wp-json\/wp\/v2\/pages\/385\/revisions\/2606"}],"wp:attachment":[{"href":"https:\/\/contecon.de\/picapportwiki\/wp-json\/wp\/v2\/media?parent=385"}],"curies":[{"name":"wp","href":"https:\/\/api.w.org\/{rel}","templated":true}]}}